{"id":115,"date":"2017-09-04T22:07:43","date_gmt":"2017-09-04T20:07:43","guid":{"rendered":"https:\/\/buonpastoreroma.it\/?page_id=115"},"modified":"2023-10-19T10:40:54","modified_gmt":"2023-10-19T08:40:54","slug":"home","status":"publish","type":"page","link":"https:\/\/roma.buon-pastore.it\/","title":{"rendered":"Casa San Clemente, Roma"},"content":{"rendered":"<p>[vc_row][vc_column width=&#8221;2\/3&#8243;][vc_column_text]<\/p>\n<h3>L\u2019ISTITUTO<\/h3>\n<div>\n<p>L\u2019Istituto del Buon Pastore \u00e9 un istituto di diritto pontificio eretto canonicamente l\u20198 Settembre del 2006, sotto il Pontificato di Sua Santit\u00e0 Benedetto XVI, grazie all\u2019interessamento di Sua Eminenza Rev.ma il Cardinal Castrillon Hoyos. Si tratta di una societ\u00e0 di vita apostolica senza voti un tempo dipendente dalla Pontificia Commissione Ecclesia Dei, oggi soppressa. Oggi, come qualsiasi Societ\u00e0 di Vita Apostolica, dipende dal Dicastero per gli istituti di vita consacrata e le societ\u00e0 di vita apostolica.<br \/>\nLe sue sedi principali si trovano in Francia. A Bordeaux si trova la casa madre, presso la Parrocchia personale Saint-Eloi e a Courtalain (nella diocesi di Chartres) \u00e9 sito il seminario San Vincenzo de\u2019 Paoli nonch\u00e9 la sede del Superiore Generale. L\u2019Istituto \u00e9 stato fondato da cinque sacerdoti che hanno a cuore la formazione del clero e la conservazione e difesa delle sane tradizioni della Chiesa nella liturgia e nella dottrina, contro gli errori moderni nel contesto di una nuovaevangelizzazione.<br \/>\nFra questi sacerdoti, vi \u00e9 il primo Superiore Generale, il Rev.mo don Philippe Lagu\u00e9rie nato a Sceaux il 30 settembre del 1952 e ordinato a Ec\u00f4ne il 29 Giugno 1979.<br \/>\nL\u2019attuale Superiore Generale, eletto il 28 agosto 2019, \u00e8 il Rev.mo don Luis Gabriel Barrero Zabaleta, nato il 5 Dicembre del 1966 a Bogot\u00e0 (Colombia).<\/p>\n<p>L\u2019Istituto conta una sessantina di membri incardinati e una quarantina abbondante di seminaristi ed \u00e9 presente in diversi paesi del mondo: in Europa \u00e9 in Francia, Italia, Polonia e Portogallo; in America Latina ha diverse case in Brasile e due in Colombia. In Africa l&#8217;IBP ha una sede a Kampala, Uganda. Diversi altri progetti di fondazione sono in corso attualmente.<\/p>\n<\/div>\n<p>[\/vc_column_text][\/vc_column][vc_column width=&#8221;1\/3&#8243; css=&#8221;.vc_custom_1512314204318{margin-top: 0px !important;margin-bottom: 00px !important;border-top-width: 10px !important;border-bottom-width: 10px !important;padding-top: 30px !important;padding-bottom: 30px !important;border-radius: 15px !important;}&#8221;]\r\n\r\n<div class=\"dgt-vc-element dgt-image-box dgt-al-left\">\r\n    <div class=\"dgt-image-box-inner\">\r\n                <div class=\"dgt-image-box-pic\">\r\n                        <span class=\"image\"><img loading=\"lazy\" decoding=\"async\" src=\"https:\/\/roma.buon-pastore.it\/wp-content\/uploads\/2016\/09\/IBP-24.jpg\" width=\"667\" height=\"1000\" \/><\/span>\r\n                    <\/div>\r\n                <div class=\"dgt-image-box-content\">\r\n            <h3>\r\n                                                   <\/h3>\r\n            <div class=\"description\" >S. Em.za Rev.ma Dario cardinale Castrill\u00f3n Hoyos                            <\/div>\r\n        <\/div>\r\n    <\/div>\r\n<\/div>\r\n[\/vc_column][\/vc_row][vc_row][vc_column width=&#8221;1\/2&#8243;]\r\n\r\n<div class=\"dgt-vc-element dgt-image-box dgt-al-left\">\r\n    <div class=\"dgt-image-box-inner\">\r\n                <div class=\"dgt-image-box-pic\">\r\n                        <span class=\"image\"><img loading=\"lazy\" decoding=\"async\" src=\"https:\/\/roma.buon-pastore.it\/wp-content\/uploads\/2016\/09\/IBP-35.jpg\" width=\"1500\" height=\"1000\" \/><\/span>\r\n                    <\/div>\r\n                <div class=\"dgt-image-box-content\">\r\n            <h3>\r\n                                                   <\/h3>\r\n            <div class=\"description\" >Don Philippe Lagu\u00e9rie,\nFondatore e primo Superiore Generale dell'Istituto del Buon Pastore                            <\/div>\r\n        <\/div>\r\n    <\/div>\r\n<\/div>\r\n[vc_separator][vc_row_inner][vc_column_inner width=&#8221;2\/3&#8243;][vc_column_text]<\/p>\n<h2 style=\"text-align: center;\">Visita la pagina ufficiale<br \/>\ndell&#8217;Istituto del Buon Pastore:<\/h2>\n<h2 style=\"text-align: center;\"><a href=\"http:\/\/www.institutdubonpasteur.org\">www.institutdubonpasteur.org<\/a><\/h2>\n<p>[\/vc_column_text][\/vc_column_inner][vc_column_inner width=&#8221;1\/3&#8243;][vc_single_image image=&#8221;2366&#8243; img_size=&#8221;medium&#8221; onclick=&#8221;custom_link&#8221; link=&#8221;http:\/\/www.institutdubonpasteur.org&#8221;][\/vc_column_inner][\/vc_row_inner][\/vc_column][vc_column width=&#8221;1\/2&#8243;]\r\n\r\n<div class=\"dgt-vc-element dgt-image-box dgt-al-left\">\r\n    <div class=\"dgt-image-box-inner\">\r\n                <div class=\"dgt-image-box-pic\">\r\n                        <span class=\"image\"><img loading=\"lazy\" decoding=\"async\" src=\"https:\/\/roma.buon-pastore.it\/wp-content\/uploads\/2019\/09\/facebook_1567420150185.jpg\" width=\"720\" height=\"818\" \/><\/span>\r\n                    <\/div>\r\n                <div class=\"dgt-image-box-content\">\r\n            <h3>\r\n                                                   <\/h3>\r\n            <div class=\"description\" >Don Luis Gabriel Barrero Zabaleta,\nAttuale Superiore Generale dell'Istituto, eletto il 28 agosto 2019                            <\/div>\r\n        <\/div>\r\n    <\/div>\r\n<\/div>\r\n[\/vc_column][\/vc_row][vc_row full_width=&#8221;stretch_row&#8221;][vc_column width=&#8221;2\/3&#8243;][vc_column_text]<\/p>\n<blockquote>\n<h3>Una sorta di ambasciata dell&#8217;Istituto a Roma<\/h3>\n<\/blockquote>\n<h3>LA CASA SAN CLEMENTE<\/h3>\n<p>Fin dai primi mesi dopo la fondazione dell\u2019Istituto, i superiori hanno voluto una presenza nell\u2019Urbe della nostra comunit\u00e0 e questa presenza fu benedetta e approvata canonicamente dall\u2019 allora Vicario per la diocesi di Roma, Sua Eminenza Rev.ma il Cardinal Ruini. Due sedi, grazie a quest\u2019erezione canonica, destinate alla formazione di alcuni seminaristi si sono succedute negli anni passati a Roma e hanno permesso che l\u2019Istituto del Buon Pastore muovesse i primi passi in Italia, ma per un desiderio d\u2019unit\u00e0 nella formazione e per una questione di accentramento (anche a livello pratico) queste due esperienze non hanno potuto continuare e oggigiorno i candidati al secerdozio sono tutti formati al seminario di Courtalain. Dal mese di Settembre 2015 una nuova avventura romana inizia: la casa San Clemente, regolarmente riconosciuta dal Vicariato della diocesi di Roma, nel solco della prima erezione canonica, \u00e9 la residenza per i sacerdoti dell\u2019Istituto nominati in Italia per far conoscere questa societ\u00e0 di vita apostolica, curare le relazioni con il clero amico e contribuire con le nostre piccole forze all\u2019apostolata della Chiesa. Questa casa \u00e9 come una sorta di ambasciata dell\u2019Istituto a Roma e in Italia. Essa apre le sue porte a tutti coloro che vogliono avvicinarsi e conoscerci meglio.[\/vc_column_text][\/vc_column][vc_column width=&#8221;1\/3&#8243;]\r\n\r\n<div class=\"dgt-vc-element dgt-image-box dgt-al-left\">\r\n    <div class=\"dgt-image-box-inner\">\r\n                <div class=\"dgt-image-box-pic\">\r\n                        <span class=\"image\"><img loading=\"lazy\" decoding=\"async\" src=\"https:\/\/roma.buon-pastore.it\/wp-content\/uploads\/2016\/09\/Saint-Pierre.jpg\" width=\"638\" height=\"960\" \/><\/span>\r\n                    <\/div>\r\n                <div class=\"dgt-image-box-content\">\r\n            <h3>\r\n                                                   <\/h3>\r\n            <div class=\"description\" >                            <\/div>\r\n        <\/div>\r\n    <\/div>\r\n<\/div>\r\n[vc_empty_space][vc_empty_space][\/vc_column][\/vc_row][vc_row][vc_column width=&#8221;2\/3&#8243;][vc_column_text]<\/p>\n<h3><strong>APOSTOLATO IN ITALIA<\/strong><\/h3>\n<p>La nostra piccola presenza in Italia, \u00e9 una realt\u00e0 che a Dio piacente, \u00e8 destinata a crescere. I sacerdoti dell&#8217;Istituto in Italia collaborano in maniera stabile in accordo con le autorit\u00e0 ecclesiastiche locali: Roma, Tolentino, Ascoli Piceno, Napoli sono solo alcuni dei luoghi in cui i sacerdoti della casa San Clemente si recano per la celebrazione della Messa e l&#8217;amministrazione dei Sacramenti. Numerose sono le domande di direzione spirituale, confessioni o di assistenza alla Santa Messa quotidiana nel nostro oratorio domestico (autorizzato dal decreto di erezione delle casa romana). I sacerdoti della Casa San Clemente sono a disposizione per tutte le necessit\u00e0 spirituali e liturgiche di tutti coloro che si rivolgeranno a loro.<\/p>\n<p>Per maggiore dettagli sugli orari delle celebrazioni non esitate a contattarci per e-mail o per telefono.<\/p>\n<p>\u00a9 Copyright 2022 by Istituto del Buon Pastore[\/vc_column_text][\/vc_column][vc_column width=&#8221;1\/3&#8243;][vc_single_image image=&#8221;2022&#8243; img_size=&#8221;large&#8221; alignment=&#8221;right&#8221;][\/vc_column][\/vc_row]<\/p>\n","protected":false},"excerpt":{"rendered":"<p>[vc_row][vc_column width=&#8221;2\/3&#8243;][vc_column_text] L\u2019ISTITUTO L\u2019Istituto del Buon Pastore \u00e9 un istituto di diritto pontificio eretto canonicamente l\u20198 Settembre del 2006, sotto il Pontificato di Sua Santit\u00e0 Benedetto XVI, grazie all\u2019interessamento di Sua Eminenza Rev.ma il Cardinal Castrillon Hoyos. Si tratta di una societ\u00e0 di vita apostolica senza voti un tempo dipendente dalla Pontificia Commissione Ecclesia Dei, &hellip; <a href=\"https:\/\/roma.buon-pastore.it\/\" class=\"more-link\">Continue reading <span class=\"screen-reader-text\">Casa San Clemente, Roma<\/span><\/a><\/p>\n","protected":false},"author":1,"featured_media":0,"parent":0,"menu_order":0,"comment_status":"closed","ping_status":"closed","template":"","meta":{"footnotes":""},"class_list":["post-115","page","type-page","status-publish","hentry"],"_links":{"self":[{"href":"https:\/\/roma.buon-pastore.it\/index.php\/wp-json\/wp\/v2\/pages\/115","targetHints":{"allow":["GET"]}}],"collection":[{"href":"https:\/\/roma.buon-pastore.it\/index.php\/wp-json\/wp\/v2\/pages"}],"about":[{"href":"https:\/\/roma.buon-pastore.it\/index.php\/wp-json\/wp\/v2\/types\/page"}],"author":[{"embeddable":true,"href":"https:\/\/roma.buon-pastore.it\/index.php\/wp-json\/wp\/v2\/users\/1"}],"replies":[{"embeddable":true,"href":"https:\/\/roma.buon-pastore.it\/index.php\/wp-json\/wp\/v2\/comments?post=115"}],"version-history":[{"count":22,"href":"https:\/\/roma.buon-pastore.it\/index.php\/wp-json\/wp\/v2\/pages\/115\/revisions"}],"predecessor-version":[{"id":2817,"href":"https:\/\/roma.buon-pastore.it\/index.php\/wp-json\/wp\/v2\/pages\/115\/revisions\/2817"}],"wp:attachment":[{"href":"https:\/\/roma.buon-pastore.it\/index.php\/wp-json\/wp\/v2\/media?parent=115"}],"curies":[{"name":"wp","href":"https:\/\/api.w.org\/{rel}","templated":true}]}}

<p>[vc_row][vc_column width=&#8221;2/3&#8243;][vc_column_text]</p>
<h3>L’ISTITUTO</h3>
<div>
<p>L’Istituto del Buon Pastore é un istituto di diritto pontificio eretto canonicamente l’8 Settembre del 2006, sotto il Pontificato di Sua Santità Benedetto XVI, grazie all’interessamento di Sua Eminenza Rev.ma il Cardinal Castrillon Hoyos. Si tratta di una società di vita apostolica senza voti un tempo dipendente dalla Pontificia Commissione Ecclesia Dei, oggi soppressa. Oggi, come qualsiasi Società di Vita Apostolica, dipende dal Dicastero per gli istituti di vita consacrata e le società di vita apostolica.<br />
Le sue sedi principali si trovano in Francia. A Bordeaux si trova la casa madre, presso la Parrocchia personale Saint-Eloi e a Courtalain (nella diocesi di Chartres) é sito il seminario San Vincenzo de’ Paoli nonché la sede del Superiore Generale. L’Istituto é stato fondato da cinque sacerdoti che hanno a cuore la formazione del clero e la conservazione e difesa delle sane tradizioni della Chiesa nella liturgia e nella dottrina, contro gli errori moderni nel contesto di una nuovaevangelizzazione.<br />
Fra questi sacerdoti, vi é il primo Superiore Generale, il Rev.mo don Philippe Laguérie nato a Sceaux il 30 settembre del 1952 e ordinato a Ecône il 29 Giugno 1979.<br />
L’attuale Superiore Generale, eletto il 28 agosto 2019, è il Rev.mo don Luis Gabriel Barrero Zabaleta, nato il 5 Dicembre del 1966 a Bogotà (Colombia).</p>
<p>L’Istituto conta una sessantina di membri incardinati e una quarantina abbondante di seminaristi ed é presente in diversi paesi del mondo: in Europa é in Francia, Italia, Polonia e Portogallo; in America Latina ha diverse case in Brasile e due in Colombia. In Africa l&#8217;IBP ha una sede a Kampala, Uganda. Diversi altri progetti di fondazione sono in corso attualmente.</p>
</div>
<p>[/vc_column_text][/vc_column][vc_column width=&#8221;1/3&#8243; css=&#8221;.vc_custom_1512314204318{margin-top: 0px !important;margin-bottom: 00px !important;border-top-width: 10px !important;border-bottom-width: 10px !important;padding-top: 30px !important;padding-bottom: 30px !important;border-radius: 15px !important;}&#8221;]

<div class="dgt-vc-element dgt-image-box dgt-al-left">
    <div class="dgt-image-box-inner">
                <div class="dgt-image-box-pic">
                        <span class="image"><img loading="lazy" decoding="async" src="https://roma.buon-pastore.it/wp-content/uploads/2016/09/IBP-24.jpg" width="667" height="1000" /></span>
                    </div>
                <div class="dgt-image-box-content">
            <h3>
                                                   </h3>
            <div class="description" >S. Em.za Rev.ma Dario cardinale Castrillón Hoyos                            </div>
        </div>
    </div>
</div>
[/vc_column][/vc_row][vc_row][vc_column width=&#8221;1/2&#8243;]

<div class="dgt-vc-element dgt-image-box dgt-al-left">
    <div class="dgt-image-box-inner">
                <div class="dgt-image-box-pic">
                        <span class="image"><img loading="lazy" decoding="async" src="https://roma.buon-pastore.it/wp-content/uploads/2016/09/IBP-35.jpg" width="1500" height="1000" /></span>
                    </div>
                <div class="dgt-image-box-content">
            <h3>
                                                   </h3>
            <div class="description" >Don Philippe Laguérie,
Fondatore e primo Superiore Generale dell'Istituto del Buon Pastore                            </div>
        </div>
    </div>
</div>
[vc_separator][vc_row_inner][vc_column_inner width=&#8221;2/3&#8243;][vc_column_text]</p>
<h2 style="text-align: center;">Visita la pagina ufficiale<br />
dell&#8217;Istituto del Buon Pastore:</h2>
<h2 style="text-align: center;"><a href="http://www.institutdubonpasteur.org">www.institutdubonpasteur.org</a></h2>
<p>[/vc_column_text][/vc_column_inner][vc_column_inner width=&#8221;1/3&#8243;][vc_single_image image=&#8221;2366&#8243; img_size=&#8221;medium&#8221; onclick=&#8221;custom_link&#8221; link=&#8221;http://www.institutdubonpasteur.org&#8221;][/vc_column_inner][/vc_row_inner][/vc_column][vc_column width=&#8221;1/2&#8243;]

<div class="dgt-vc-element dgt-image-box dgt-al-left">
    <div class="dgt-image-box-inner">
                <div class="dgt-image-box-pic">
                        <span class="image"><img loading="lazy" decoding="async" src="https://roma.buon-pastore.it/wp-content/uploads/2019/09/facebook_1567420150185.jpg" width="720" height="818" /></span>
                    </div>
                <div class="dgt-image-box-content">
            <h3>
                                                   </h3>
            <div class="description" >Don Luis Gabriel Barrero Zabaleta,
Attuale Superiore Generale dell'Istituto, eletto il 28 agosto 2019                            </div>
        </div>
    </div>
</div>
[/vc_column][/vc_row][vc_row full_width=&#8221;stretch_row&#8221;][vc_column width=&#8221;2/3&#8243;][vc_column_text]</p>
<blockquote>
<h3>Una sorta di ambasciata dell&#8217;Istituto a Roma</h3>
</blockquote>
<h3>LA CASA SAN CLEMENTE</h3>
<p>Fin dai primi mesi dopo la fondazione dell’Istituto, i superiori hanno voluto una presenza nell’Urbe della nostra comunità e questa presenza fu benedetta e approvata canonicamente dall’ allora Vicario per la diocesi di Roma, Sua Eminenza Rev.ma il Cardinal Ruini. Due sedi, grazie a quest’erezione canonica, destinate alla formazione di alcuni seminaristi si sono succedute negli anni passati a Roma e hanno permesso che l’Istituto del Buon Pastore muovesse i primi passi in Italia, ma per un desiderio d’unità nella formazione e per una questione di accentramento (anche a livello pratico) queste due esperienze non hanno potuto continuare e oggigiorno i candidati al secerdozio sono tutti formati al seminario di Courtalain. Dal mese di Settembre 2015 una nuova avventura romana inizia: la casa San Clemente, regolarmente riconosciuta dal Vicariato della diocesi di Roma, nel solco della prima erezione canonica, é la residenza per i sacerdoti dell’Istituto nominati in Italia per far conoscere questa società di vita apostolica, curare le relazioni con il clero amico e contribuire con le nostre piccole forze all’apostolata della Chiesa. Questa casa é come una sorta di ambasciata dell’Istituto a Roma e in Italia. Essa apre le sue porte a tutti coloro che vogliono avvicinarsi e conoscerci meglio.[/vc_column_text][/vc_column][vc_column width=&#8221;1/3&#8243;]

<div class="dgt-vc-element dgt-image-box dgt-al-left">
    <div class="dgt-image-box-inner">
                <div class="dgt-image-box-pic">
                        <span class="image"><img loading="lazy" decoding="async" src="https://roma.buon-pastore.it/wp-content/uploads/2016/09/Saint-Pierre.jpg" width="638" height="960" /></span>
                    </div>
                <div class="dgt-image-box-content">
            <h3>
                                                   </h3>
            <div class="description" >                            </div>
        </div>
    </div>
</div>
[vc_empty_space][vc_empty_space][/vc_column][/vc_row][vc_row][vc_column width=&#8221;2/3&#8243;][vc_column_text]</p>
<h3><strong>APOSTOLATO IN ITALIA</strong></h3>
<p>La nostra piccola presenza in Italia, é una realtà che a Dio piacente, è destinata a crescere. I sacerdoti dell&#8217;Istituto in Italia collaborano in maniera stabile in accordo con le autorità ecclesiastiche locali: Roma, Tolentino, Ascoli Piceno, Napoli sono solo alcuni dei luoghi in cui i sacerdoti della casa San Clemente si recano per la celebrazione della Messa e l&#8217;amministrazione dei Sacramenti. Numerose sono le domande di direzione spirituale, confessioni o di assistenza alla Santa Messa quotidiana nel nostro oratorio domestico (autorizzato dal decreto di erezione delle casa romana). I sacerdoti della Casa San Clemente sono a disposizione per tutte le necessità spirituali e liturgiche di tutti coloro che si rivolgeranno a loro.</p>
<p>Per maggiore dettagli sugli orari delle celebrazioni non esitate a contattarci per e-mail o per telefono.</p>
<p>© Copyright 2022 by Istituto del Buon Pastore[/vc_column_text][/vc_column][vc_column width=&#8221;1/3&#8243;][vc_single_image image=&#8221;2022&#8243; img_size=&#8221;large&#8221; alignment=&#8221;right&#8221;][/vc_column][/vc_row]</p>

<p>[vc_row][vc_column width=&#8221;2/3&#8243;][vc_column_text] L’ISTITUTO L’Istituto del Buon Pastore é un istituto di diritto pontificio eretto canonicamente l’8 Settembre del 2006, sotto il Pontificato di Sua Santità Benedetto XVI, grazie all’interessamento di Sua Eminenza Rev.ma il Cardinal Castrillon Hoyos. Si tratta di una società di vita apostolica senza voti un tempo dipendente dalla Pontificia Commissione Ecclesia Dei, &hellip; <a href="https://roma.buon-pastore.it/" class="more-link">Continue reading <span class="screen-reader-text">Casa San Clemente, Roma</span></a></p>
